[INFO] cloning repository https://github.com/WeirdConstructor/wctr-demo-engine
[INFO] running `Command { std: "git" "-c" "credential.helper=" "-c" "credential.helper=/workspace/cargo-home/bin/git-credential-null" "clone" "--bare" "https://github.com/WeirdConstructor/wctr-demo-engine" "/workspace/cache/git-repos/https%3A%2F%2Fgithub.com%2FWeirdConstructor%2Fwctr-demo-engine", kill_on_drop: false }`
[INFO] [stderr] Cloning into bare repository '/workspace/cache/git-repos/https%3A%2F%2Fgithub.com%2FWeirdConstructor%2Fwctr-demo-engine'...
[INFO] running `Command { std: "git" "rev-parse" "HEAD", kill_on_drop: false }`
[INFO] [stdout] d2413f6bd31727c86935c0e1a72650aa8deb2069
[INFO] checking WeirdConstructor/wctr-demo-engine against try#72f88fc4e9458f89516a0b8b0868f3718aec5b47 for pr-74989
[INFO] running `Command { std: "git" "clone" "/workspace/cache/git-repos/https%3A%2F%2Fgithub.com%2FWeirdConstructor%2Fwctr-demo-engine" "/workspace/builds/worker-1/source", kill_on_drop: false }`
[INFO] [stderr] Cloning into '/workspace/builds/worker-1/source'...
[INFO] [stderr] done.
[INFO] [stderr] Checking out files:  39% (142/361)   
Checking out files:  40% (145/361)   
Checking out files:  41% (149/361)   
Checking out files:  42% (152/361)   
Checking out files:  43% (156/361)   
Checking out files:  44% (159/361)   
Checking out files:  45% (163/361)   
Checking out files:  46% (167/361)   
Checking out files:  47% (170/361)   
Checking out files:  48% (174/361)   
Checking out files:  49% (177/361)   
Checking out files:  50% (181/361)   
Checking out files:  51% (185/361)   
Checking out files:  52% (188/361)   
Checking out files:  53% (192/361)   
Checking out files:  54% (195/361)   
Checking out files:  55% (199/361)   
Checking out files:  56% (203/361)   
Checking out files:  57% (206/361)   
Checking out files:  58% (210/361)   
Checking out files:  59% (213/361)   
Checking out files:  60% (217/361)   
Checking out files:  61% (221/361)   
Checking out files:  62% (224/361)   
Checking out files:  63% (228/361)   
Checking out files:  64% (232/361)   
Checking out files:  65% (235/361)   
Checking out files:  66% (239/361)   
Checking out files:  67% (242/361)   
Checking out files:  68% (246/361)   
Checking out files:  69% (250/361)   
Checking out files:  70% (253/361)   
Checking out files:  71% (257/361)   
Checking out files:  72% (260/361)   
Checking out files:  73% (264/361)   
Checking out files:  74% (268/361)   
Checking out files:  75% (271/361)   
Checking out files:  76% (275/361)   
Checking out files:  77% (278/361)   
Checking out files:  78% (282/361)   
Checking out files:  79% (286/361)   
Checking out files:  80% (289/361)   
Checking out files:  81% (293/361)   
Checking out files:  82% (297/361)   
Checking out files:  83% (300/361)   
Checking out files:  84% (304/361)   
Checking out files:  85% (307/361)   
Checking out files:  86% (311/361)   
Checking out files:  87% (315/361)   
Checking out files:  88% (318/361)   
Checking out files:  89% (322/361)   
Checking out files:  90% (325/361)   
Checking out files:  91% (329/361)   
Checking out files:  92% (333/361)   
Checking out files:  93% (336/361)   
Checking out files:  94% (340/361)   
Checking out files:  95% (343/361)   
Checking out files:  96% (347/361)   
Checking out files:  97% (351/361)   
Checking out files:  98% (354/361)   
Checking out files:  99% (358/361)   
Checking out files: 100% (361/361)   
Checking out files: 100% (361/361), done.
[INFO] validating manifest of git repo https://github.com/WeirdConstructor/wctr-demo-engine on toolchain 72f88fc4e9458f89516a0b8b0868f3718aec5b47
[INFO] running `Command { std: "/workspace/cargo-home/bin/cargo" "+72f88fc4e9458f89516a0b8b0868f3718aec5b47" "read-manifest" "--manifest-path" "Cargo.toml", kill_on_drop: false }`
[INFO] started tweaking git repo https://github.com/WeirdConstructor/wctr-demo-engine
[INFO] removed path dependency wlambda from git repo https://github.com/WeirdConstructor/wctr-demo-engine
[INFO] finished tweaking git repo https://github.com/WeirdConstructor/wctr-demo-engine
[INFO] tweaked toml for git repo https://github.com/WeirdConstructor/wctr-demo-engine written to /workspace/builds/worker-1/source/Cargo.toml
[INFO] crate git repo https://github.com/WeirdConstructor/wctr-demo-engine already has a lockfile, it will not be regenerated
[INFO] running `Command { std: "/workspace/cargo-home/bin/cargo" "+72f88fc4e9458f89516a0b8b0868f3718aec5b47" "fetch" "--locked" "--manifest-path" "Cargo.toml", kill_on_drop: false }`
[INFO] [stderr] warning: dependency (wlambda) specified without providing a local path, Git repository, or version to use. This will be considered an error in future versions
[INFO] [stderr]     Updating crates.io index
[INFO] [stderr] error: the lock file /workspace/builds/worker-1/source/Cargo.lock needs to be updated but --locked was passed to prevent this
[INFO] [stderr] If you want to try to generate the lock file without accessing the network, use the --offline flag.
[INFO] the lockfile is outdated, regenerating it
[INFO] running `Command { std: "/workspace/cargo-home/bin/cargo" "+72f88fc4e9458f89516a0b8b0868f3718aec5b47" "generate-lockfile" "--manifest-path" "Cargo.toml" "-Zno-index-update", kill_on_drop: false }`
[INFO] running `Command { std: "/workspace/cargo-home/bin/cargo" "+72f88fc4e9458f89516a0b8b0868f3718aec5b47" "fetch" "--locked" "--manifest-path" "Cargo.toml", kill_on_drop: false }`
[INFO] [stderr] warning: dependency (wlambda) specified without providing a local path, Git repository, or version to use. This will be considered an error in future versions
[INFO] [stderr]  Downloading crates ...
[INFO] [stderr]   Downloaded zip v0.5.8
[INFO] running `Command { std: "docker" "create" "-v" "/var/lib/crater-agent-workspace/builds/worker-1/target:/opt/rustwide/target:rw,Z" "-v" "/var/lib/crater-agent-workspace/builds/worker-1/source:/opt/rustwide/workdir:ro,Z" "-v" "/var/lib/crater-agent-workspace/cargo-home:/opt/rustwide/cargo-home:ro,Z" "-v" "/var/lib/crater-agent-workspace/rustup-home:/opt/rustwide/rustup-home:ro,Z" "-e" "SOURCE_DIR=/opt/rustwide/workdir" "-e" "CARGO_TARGET_DIR=/opt/rustwide/target" "-e" "CARGO_HOME=/opt/rustwide/cargo-home" "-e" "RUSTUP_HOME=/opt/rustwide/rustup-home" "-w" "/opt/rustwide/workdir" "-m" "1610612736" "--user" "0:0" "--network" "none" "rustops/crates-build-env@sha256:d92eaeed33fa75130ca1ee6c8a01d1ffb62bac859dfdfb3450e3e5d1c0146529" "/opt/rustwide/cargo-home/bin/cargo" "+72f88fc4e9458f89516a0b8b0868f3718aec5b47" "metadata" "--no-deps" "--format-version=1", kill_on_drop: false }`
[INFO] [stderr] WARNING: Your kernel does not support swap limit capabilities or the cgroup is not mounted. Memory limited without swap.
[INFO] [stdout] e0e7513535c3c0bd6cd725378bd36eb4bf8dadd6d44c8518d37a418e8f2df7f6
[INFO] running `Command { std: "docker" "start" "-a" "e0e7513535c3c0bd6cd725378bd36eb4bf8dadd6d44c8518d37a418e8f2df7f6", kill_on_drop: false }`
[INFO] running `Command { std: "docker" "inspect" "e0e7513535c3c0bd6cd725378bd36eb4bf8dadd6d44c8518d37a418e8f2df7f6", kill_on_drop: false }`
[INFO] running `Command { std: "docker" "rm" "-f" "e0e7513535c3c0bd6cd725378bd36eb4bf8dadd6d44c8518d37a418e8f2df7f6", kill_on_drop: false }`
[INFO] [stdout] e0e7513535c3c0bd6cd725378bd36eb4bf8dadd6d44c8518d37a418e8f2df7f6
[INFO] running `Command { std: "docker" "create" "-v" "/var/lib/crater-agent-workspace/builds/worker-1/target:/opt/rustwide/target:rw,Z" "-v" "/var/lib/crater-agent-workspace/builds/worker-1/source:/opt/rustwide/workdir:ro,Z" "-v" "/var/lib/crater-agent-workspace/cargo-home:/opt/rustwide/cargo-home:ro,Z" "-v" "/var/lib/crater-agent-workspace/rustup-home:/opt/rustwide/rustup-home:ro,Z" "-e" "SOURCE_DIR=/opt/rustwide/workdir" "-e" "CARGO_TARGET_DIR=/opt/rustwide/target" "-e" "CARGO_INCREMENTAL=0" "-e" "RUST_BACKTRACE=full" "-e" "RUSTFLAGS=--cap-lints=forbid" "-e" "CARGO_HOME=/opt/rustwide/cargo-home" "-e" "RUSTUP_HOME=/opt/rustwide/rustup-home" "-w" "/opt/rustwide/workdir" "-m" "1610612736" "--user" "0:0" "--network" "none" "rustops/crates-build-env@sha256:d92eaeed33fa75130ca1ee6c8a01d1ffb62bac859dfdfb3450e3e5d1c0146529" "/opt/rustwide/cargo-home/bin/cargo" "+72f88fc4e9458f89516a0b8b0868f3718aec5b47" "check" "--frozen" "--all" "--all-targets" "--message-format=json", kill_on_drop: false }`
[INFO] [stderr] WARNING: Your kernel does not support swap limit capabilities or the cgroup is not mounted. Memory limited without swap.
[INFO] [stdout] e06338c345678ad602113e3f43da5ace84733f275dd41626089409b2dd689d83
[INFO] running `Command { std: "docker" "start" "-a" "e06338c345678ad602113e3f43da5ace84733f275dd41626089409b2dd689d83", kill_on_drop: false }`
[INFO] [stderr] warning: dependency (wlambda) specified without providing a local path, Git repository, or version to use. This will be considered an error in future versions
[INFO] [stderr]    Compiling libc v0.2.77
[INFO] [stderr]    Compiling syn v1.0.40
[INFO] [stderr]    Compiling serde v1.0.116
[INFO] [stderr]    Compiling pkg-config v0.3.18
[INFO] [stderr]    Compiling maybe-uninit v2.0.0
[INFO] [stderr]    Compiling autocfg v0.1.7
[INFO] [stderr]    Compiling semver-parser v0.7.0
[INFO] [stderr]    Compiling khronos_api v3.1.0
[INFO] [stderr]     Checking scopeguard v1.1.0
[INFO] [stderr]    Compiling rand_core v0.4.2
[INFO] [stderr]     Checking linked-hash-map v0.5.3
[INFO] [stderr]    Compiling nix v0.14.1
[INFO] [stderr]    Compiling version_check v0.9.2
[INFO] [stderr]    Compiling adler v0.2.3
[INFO] [stderr]    Compiling gimli v0.22.0
[INFO] [stderr]     Checking downcast-rs v1.2.0
[INFO] [stderr]     Checking nodrop v0.1.14
[INFO] [stderr]     Checking same-file v1.0.6
[INFO] [stderr]    Compiling object v0.20.0
[INFO] [stderr]     Checking xdg v2.2.0
[INFO] [stderr]    Compiling memchr v2.3.3
[INFO] [stderr]     Checking xml-rs v0.8.3
[INFO] [stderr]    Compiling siphasher v0.2.3
[INFO] [stderr]    Compiling remove_dir_all v0.5.3
[INFO] [stderr]     Checking adler32 v1.2.0
[INFO] [stderr]     Checking rustc-serialize v0.3.24
[INFO] [stderr]     Checking lzw v0.10.0
[INFO] [stderr]    Compiling nix v0.18.0
[INFO] [stderr]     Checking xi-unicode v0.2.1
[INFO] [stderr]     Checking vec_map v0.8.2
[INFO] [stderr]     Checking color_quant v1.0.1
[INFO] [stderr]     Checking unicode-segmentation v1.6.0
[INFO] [stderr]     Checking itoa v0.4.6
[INFO] [stderr]     Checking claxon v0.4.3
[INFO] [stderr]     Checking unicode-width v0.1.8
[INFO] [stderr]     Checking utf8parse v0.2.0
[INFO] [stderr]     Checking approx v0.1.1
[INFO] [stderr]     Checking piston-float v1.0.0
[INFO] [stderr]    Compiling num-traits v0.2.12
[INFO] [stderr]    Compiling memoffset v0.5.5
[INFO] [stderr]    Compiling crossbeam-epoch v0.8.2
[INFO] [stderr]    Compiling num-integer v0.1.43
[INFO] [stderr]    Compiling miniz_oxide v0.4.2
[INFO] [stderr]    Compiling num-rational v0.2.4
[INFO] [stderr]    Compiling num-complex v0.2.4
[INFO] [stderr]    Compiling num-iter v0.1.41
[INFO] [stderr]    Compiling serde_derive v1.0.116
[INFO] [stderr]     Checking thread_local v1.0.1
[INFO] [stderr]    Compiling minimp3-sys v0.3.2
[INFO] [stderr]    Compiling libloading v0.5.2
[INFO] [stderr]    Compiling ryu v1.0.5
[INFO] [stderr]    Compiling serde_json v1.0.57
[INFO] [stderr]     Checking lock_api v0.3.4
[INFO] [stderr]    Compiling rand_core v0.3.1
[INFO] [stderr]    Compiling rand_jitter v0.1.4
[INFO] [stderr]     Checking walkdir v2.3.1
[INFO] [stderr]     Checking inflate v0.4.5
[INFO] [stderr]    Compiling phf_shared v0.7.24
[INFO] [stderr]    Compiling error-chain v0.12.4
[INFO] [stderr]     Checking gif v0.10.3
[INFO] [stderr]    Compiling rand_chacha v0.1.1
[INFO] [stderr]    Compiling rand_pcg v0.1.2
[INFO] [stderr]    Compiling rand v0.6.5
[INFO] [stderr]     Checking vecmath v1.0.0
[INFO] [stderr]    Compiling log v0.4.11
[INFO] [stderr]    Compiling x11-dl v2.18.5
[INFO] [stderr]    Compiling libudev-sys v0.1.4
[INFO] [stderr]    Compiling alsa-sys v0.1.2
[INFO] [stderr]    Compiling bzip2-sys v0.1.9+1.0.8
[INFO] [stderr]     Checking libloading v0.6.3
[INFO] [stderr]     Checking arrayvec v0.4.12
[INFO] [stderr]     Checking crc32fast v1.2.0
[INFO] [stderr]    Compiling rand_xorshift v0.1.1
[INFO] [stderr]    Compiling rand_hc v0.1.0
[INFO] [stderr]    Compiling rand_isaac v0.1.1
[INFO] [stderr]     Checking crossbeam-utils v0.7.2
[INFO] [stderr]     Checking draw_state v0.8.0
[INFO] [stderr]    Compiling pulldown-cmark v0.2.0
[INFO] [stderr]     Checking stb_truetype v0.3.1
[INFO] [stderr]     Checking ogg v0.7.0
[INFO] [stderr]     Checking deflate v0.7.20
[INFO] [stderr]     Checking jpeg-decoder v0.1.20
[INFO] [stderr]     Checking phf v0.7.24
[INFO] [stderr]     Checking dlib v0.4.2
[INFO] [stderr]     Checking smallvec v0.6.13
[INFO] [stderr]    Compiling syn v0.15.44
[INFO] [stderr]    Compiling wayland-scanner v0.21.13
[INFO] [stderr]    Compiling gl_generator v0.14.0
[INFO] [stderr]     Checking aho-corasick v0.7.13
[INFO] [stderr]     Checking gfx_core v0.9.2
[INFO] [stderr]     Checking wayland-sys v0.21.13
[INFO] [stderr]     Checking png v0.15.3
[INFO] [stderr]     Checking lewton v0.9.4
[INFO] [stderr]     Checking approx v0.3.2
[INFO] [stderr]     Checking ordered-float v1.1.0
[INFO] [stderr]     Checking line_drawing v0.7.0
[INFO] [stderr]     Checking num-traits v0.1.43
[INFO] [stderr]     Checking rmp v0.8.9
[INFO] [stderr]     Checking num-complex v0.1.43
[INFO] [stderr]     Checking crossbeam-deque v0.7.3
[INFO] [stderr]    Compiling addr2line v0.13.0
[INFO] [stderr]     Checking regex v1.3.9
[INFO] [stderr]    Compiling rand_os v0.1.3
[INFO] [stderr]    Compiling rand v0.4.6
[INFO] [stderr]     Checking num_cpus v1.13.0
[INFO] [stderr]     Checking getrandom v0.1.15
[INFO] [stderr]     Checking memmap v0.7.0
[INFO] [stderr]     Checking raw-window-handle v0.3.3
[INFO] [stderr]     Checking shared_library v0.1.9
[INFO] [stderr]     Checking slice-deque v0.3.0
[INFO] [stderr]     Checking dirs-sys-next v0.1.0
[INFO] [stderr]     Checking nix v0.15.0
[INFO] [stderr]     Checking time v0.1.44
[INFO] [stderr]     Checking dirs-sys v0.3.5
[INFO] [stderr]     Checking sid v0.5.2
[INFO] [stderr]    Compiling backtrace v0.3.50
[INFO] [stderr]     Checking rusttype v0.8.3
[INFO] [stderr]     Checking rand_core v0.5.1
[INFO] [stderr]    Compiling glutin_glx_sys v0.1.7
[INFO] [stderr]    Compiling glutin_egl_sys v0.1.5
[INFO] [stderr]    Compiling gfx_gl v0.6.1
[INFO] [stderr]     Checking alga v0.9.3
[INFO] [stderr]     Checking osmesa-sys v0.1.2
[INFO] [stderr]     Checking dirs-next v1.0.1
[INFO] [stderr]     Checking bzip2 v0.3.3
[INFO] [stderr]    Compiling wayland-client v0.21.13
[INFO] [stderr]    Compiling wayland-protocols v0.21.13
[INFO] [stderr]     Checking cpal v0.8.2
[INFO] [stderr]    Compiling tempdir v0.3.7
[INFO] [stderr]     Checking directories v2.0.2
[INFO] [stderr]     Checking minimp3 v0.3.5
[INFO] [stderr]     Checking chrono v0.4.15
[INFO] [stderr]     Checking num-bigint v0.1.44
[INFO] [stderr]     Checking rand_chacha v0.2.2
[INFO] [stderr]     Checking rusttype v0.7.9
[INFO] [stderr]     Checking glyph_brush_layout v0.1.9
[INFO] [stderr]     Checking gfx v0.18.2
[INFO] [stderr]    Compiling phf_generator v0.7.24
[INFO] [stderr]     Checking nalgebra v0.18.1
[INFO] [stderr]     Checking andrew v0.2.1
[INFO] [stderr]     Checking rand v0.7.3
[INFO] [stderr]    Compiling phf_codegen v0.7.24
[INFO] [stderr]    Compiling palette v0.2.1
[INFO] [stderr]     Checking num-rational v0.1.42
[INFO] [stderr]     Checking wayland-commons v0.21.13
[INFO] [stderr]     Checking num v0.1.42
[INFO] [stderr]     Checking twox-hash v1.5.0
[INFO] [stderr]     Checking glyph_brush v0.6.3
[INFO] [stderr]     Checking gilrs-core v0.2.6
[INFO] [stderr]     Checking glyph_brush v0.5.4
[INFO] [stderr]    Compiling euclid_macros v0.1.0
[INFO] [stderr]    Compiling num-derive v0.2.5
[INFO] [stderr]    Compiling smart-default v0.5.2
[INFO] [stderr]     Checking gilrs v0.7.4
[INFO] [stderr]     Checking rustyline v6.3.0
[INFO] [stderr]    Compiling thiserror-impl v1.0.20
[INFO] [stderr]     Checking euclid v0.19.9
[INFO] [stderr]     Checking gfx_device_gl v0.16.2
[INFO] [stderr]     Checking lyon_geom v0.12.7
[INFO] [stderr]     Checking tiff v0.3.1
[INFO] [stderr]     Checking thiserror v1.0.20
[INFO] [stderr]     Checking zip v0.5.8
[INFO] [stderr]     Checking image v0.22.5
[INFO] [stderr]     Checking lyon_path v0.13.2
[INFO] [stderr]     Checking lyon_algorithms v0.13.4
[INFO] [stderr]     Checking lyon_tessellation v0.13.5
[INFO] [stderr]     Checking lyon v0.13.5
[INFO] [stderr]     Checking smithay-client-toolkit v0.4.6
[INFO] [stderr]     Checking rmp-serde v0.14.4
[INFO] [stderr]     Checking toml v0.5.6
[INFO] [stderr]    Compiling semver v0.9.0
[INFO] [stderr]    Compiling rustc_version v0.2.3
[INFO] [stderr]    Compiling parking_lot_core v0.6.2
[INFO] [stderr]    Compiling parking_lot v0.9.0
[INFO] [stderr]     Checking wlambda v0.6.3
[INFO] [stderr]     Checking winit v0.19.5
[INFO] [stderr]    Compiling cargo_metadata v0.6.4
[INFO] [stderr]     Checking rodio v0.9.0
[INFO] [stderr]    Compiling skeptic v0.13.4
[INFO] [stderr]     Checking glutin v0.20.1
[INFO] [stderr]    Compiling ggez v0.5.1
[INFO] [stderr]     Checking gfx_window_glutin v0.30.0
[INFO] [stderr]     Checking wcdemengine v0.1.0 (/opt/rustwide/workdir)
[INFO] [stdout] error[E0583]: file not found for module `signals`
[INFO] [stdout]  --> src/main.rs:2:1
[INFO] [stdout]   |
[INFO] [stdout] 2 | mod signals;
[INFO] [stdout]   | ^^^^^^^^^^^^
[INFO] [stdout]   |
[INFO] [stdout]   = help: to create the module `signals`, create file "src/signals.rs"
[INFO] [stdout] 
[INFO] [stdout] 
[INFO] [stdout] error[E0583]: file not found for module `signals`
[INFO] [stdout]  --> src/main.rs:2:1
[INFO] [stdout]   |
[INFO] [stdout] 2 | mod signals;
[INFO] [stdout]   | ^^^^^^^^^^^^
[INFO] [stdout]   |
[INFO] [stdout]   = help: to create the module `signals`, create file "src/signals.rs"
[INFO] [stdout] 
[INFO] [stdout] 
[INFO] [stdout] error[E0432]: unresolved import `crate::signals::OpIn`
[INFO] [stdout]  --> src/turtle.rs:2:5
[INFO] [stdout]   |
[INFO] [stdout] 2 | use crate::signals::OpIn;
[INFO] [stdout]   |     ^^^^^^^^^^^^^^^^^^^^ no `OpIn` in `signals`
[INFO] [stdout] 
[INFO] [stdout] 
[INFO] [stdout] error[E0432]: unresolved import `crate::signals::OpIn`
[INFO] [stdout]  --> src/turtle.rs:2:5
[INFO] [stdout]   |
[INFO] [stdout] 2 | use crate::signals::OpIn;
[INFO] [stdout]   |     ^^^^^^^^^^^^^^^^^^^^ no `OpIn` in `signals`
[INFO] [stdout] 
[INFO] [stdout] 
[INFO] [stdout] error[E0432]: unresolved import `crate::signals::ColorIn`
[INFO] [stdout]  --> src/turtle.rs:3:5
[INFO] [stdout]   |
[INFO] [stdout] 3 | use crate::signals::ColorIn;
[INFO] [stdout]   |     ^^^^^^^^^^^^^^^^^^^^^^^ no `ColorIn` in `signals`
[INFO] [stdout] 
[INFO] [stdout] 
[INFO] [stdout] error[E0432]: unresolved import `crate::signals::ColorIn`
[INFO] [stdout]  --> src/turtle.rs:3:5
[INFO] [stdout]   |
[INFO] [stdout] 3 | use crate::signals::ColorIn;
[INFO] [stdout]   |     ^^^^^^^^^^^^^^^^^^^^^^^ no `ColorIn` in `signals`
[INFO] [stdout] 
[INFO] [stdout] 
[INFO] [stdout] error[E0432]: unresolved import `wlambda::prelude::create_wlamba_prelude`
[INFO] [stdout]  --> src/clcontext.rs:7:5
[INFO] [stdout]   |
[INFO] [stdout] 7 | use wlambda::prelude::create_wlamba_prelude;
[INFO] [stdout]   |     ^^^^^^^^^^^^^^^^^^^^^^^^^^^^^^^^^^^^^^^ no `create_wlamba_prelude` in `prelude`
[INFO] [stdout] 
[INFO] [stdout] 
[INFO] [stdout] error[E0432]: unresolved import `wlambda::prelude::create_wlamba_prelude`
[INFO] [stdout]  --> src/clcontext.rs:7:5
[INFO] [stdout]   |
[INFO] [stdout] 7 | use wlambda::prelude::create_wlamba_prelude;
[INFO] [stdout]   |     ^^^^^^^^^^^^^^^^^^^^^^^^^^^^^^^^^^^^^^^ no `create_wlamba_prelude` in `prelude`
[INFO] [stdout] 
[INFO] [stdout] 
[INFO] [stdout] error[E0433]: failed to resolve: use of undeclared type or module `DebugRegisters`
[INFO] [stdout]   --> src/clcontext.rs:30:18
[INFO] [stdout]    |
[INFO] [stdout] 30 |             dbg: DebugRegisters::new(),
[INFO] [stdout]    |                  ^^^^^^^^^^^^^^ use of undeclared type or module `DebugRegisters`
[INFO] [stdout] 
[INFO] [stdout] 
[INFO] [stdout] error[E0433]: failed to resolve: use of undeclared type or module `OpIn`
[INFO] [stdout]    --> src/clcontext.rs:63:35
[INFO] [stdout]     |
[INFO] [stdout] 63  |         let $o = if let Some(o) = OpIn::vv2opin($arg.clone()) {
[INFO] [stdout]     |                                   ^^^^ use of undeclared type or module `OpIn`
[INFO] [stdout] ...
[INFO] [stdout] 164 |                         getOpIn!(a1, x);
[INFO] [stdout]     |                         ---------------- in this macro invocation
[INFO] [stdout]     |
[INFO] [stdout]     = note: this error originates in a macro (in Nightly builds, run with -Z macro-backtrace for more info)
[INFO] [stdout] 
[INFO] [stdout] 
[INFO] [stdout] error[E0433]: failed to resolve: use of undeclared type or module `DebugRegisters`
[INFO] [stdout]   --> src/clcontext.rs:30:18
[INFO] [stdout]    |
[INFO] [stdout] 30 |             dbg: DebugRegisters::new(),
[INFO] [stdout]    |                  ^^^^^^^^^^^^^^ use of undeclared type or module `DebugRegisters`
[INFO] [stdout] 
[INFO] [stdout] 
[INFO] [stdout] error[E0433]: failed to resolve: use of undeclared type or module `OpIn`
[INFO] [stdout]    --> src/clcontext.rs:63:35
[INFO] [stdout]     |
[INFO] [stdout] 63  |         let $o = if let Some(o) = OpIn::vv2opin($arg.clone()) {
[INFO] [stdout]     |                                   ^^^^ use of undeclared type or module `OpIn`
[INFO] [stdout] ...
[INFO] [stdout] 165 |                         getOpIn!(a2, y);
[INFO] [stdout]     |                         ---------------- in this macro invocation
[INFO] [stdout]     |
[INFO] [stdout]     = note: this error originates in a macro (in Nightly builds, run with -Z macro-backtrace for more info)
[INFO] [stdout] 
[INFO] [stdout] 
[INFO] [stdout] error[E0433]: failed to resolve: use of undeclared type or module `OpIn`
[INFO] [stdout]    --> src/clcontext.rs:63:35
[INFO] [stdout]     |
[INFO] [stdout] 63  |         let $o = if let Some(o) = OpIn::vv2opin($arg.clone()) {
[INFO] [stdout]     |                                   ^^^^ use of undeclared type or module `OpIn`
[INFO] [stdout] ...
[INFO] [stdout] 164 |                         getOpIn!(a1, x);
[INFO] [stdout]     |                         ---------------- in this macro invocation
[INFO] [stdout]     |
[INFO] [stdout]     = note: this error originates in a macro (in Nightly builds, run with -Z macro-backtrace for more info)
[INFO] [stdout] 
[INFO] [stdout] 
[INFO] [stdout] error[E0433]: failed to resolve: use of undeclared type or module `OpIn`
[INFO] [stdout]    --> src/clcontext.rs:63:35
[INFO] [stdout]     |
[INFO] [stdout] 63  |         let $o = if let Some(o) = OpIn::vv2opin($arg.clone()) {
[INFO] [stdout]     |                                   ^^^^ use of undeclared type or module `OpIn`
[INFO] [stdout] ...
[INFO] [stdout] 171 |                         getOpIn!(a1, w);
[INFO] [stdout]     |                         ---------------- in this macro invocation
[INFO] [stdout]     |
[INFO] [stdout]     = note: this error originates in a macro (in Nightly builds, run with -Z macro-backtrace for more info)
[INFO] [stdout] 
[INFO] [stdout] 
[INFO] [stdout] error[E0433]: failed to resolve: use of undeclared type or module `OpIn`
[INFO] [stdout]    --> src/clcontext.rs:63:35
[INFO] [stdout]     |
[INFO] [stdout] 63  |         let $o = if let Some(o) = OpIn::vv2opin($arg.clone()) {
[INFO] [stdout]     |                                   ^^^^ use of undeclared type or module `OpIn`
[INFO] [stdout] ...
[INFO] [stdout] 165 |                         getOpIn!(a2, y);
[INFO] [stdout]     |                         ---------------- in this macro invocation
[INFO] [stdout]     |
[INFO] [stdout]     = note: this error originates in a macro (in Nightly builds, run with -Z macro-backtrace for more info)
[INFO] [stdout] 
[INFO] [stdout] 
[INFO] [stdout] error[E0433]: failed to resolve: use of undeclared type or module `OpIn`
[INFO] [stdout]    --> src/clcontext.rs:63:35
[INFO] [stdout]     |
[INFO] [stdout] 63  |         let $o = if let Some(o) = OpIn::vv2opin($arg.clone()) {
[INFO] [stdout]     |                                   ^^^^ use of undeclared type or module `OpIn`
[INFO] [stdout] ...
[INFO] [stdout] 172 |                         getOpIn!(a2, h);
[INFO] [stdout]     |                         ---------------- in this macro invocation
[INFO] [stdout]     |
[INFO] [stdout]     = note: this error originates in a macro (in Nightly builds, run with -Z macro-backtrace for more info)
[INFO] [stdout] 
[INFO] [stdout] 
[INFO] [stdout] error[E0433]: failed to resolve: use of undeclared type or module `OpIn`
[INFO] [stdout]    --> src/clcontext.rs:63:35
[INFO] [stdout]     |
[INFO] [stdout] 63  |         let $o = if let Some(o) = OpIn::vv2opin($arg.clone()) {
[INFO] [stdout]     |                                   ^^^^ use of undeclared type or module `OpIn`
[INFO] [stdout] ...
[INFO] [stdout] 171 |                         getOpIn!(a1, w);
[INFO] [stdout]     |                         ---------------- in this macro invocation
[INFO] [stdout]     |
[INFO] [stdout]     = note: this error originates in a macro (in Nightly builds, run with -Z macro-backtrace for more info)
[INFO] [stdout] 
[INFO] [stdout] 
[INFO] [stdout] error[E0433]: failed to resolve: use of undeclared type or module `OpIn`
[INFO] [stdout]    --> src/clcontext.rs:63:35
[INFO] [stdout]     |
[INFO] [stdout] 63  |         let $o = if let Some(o) = OpIn::vv2opin($arg.clone()) {
[INFO] [stdout]     |                                   ^^^^ use of undeclared type or module `OpIn`
[INFO] [stdout] ...
[INFO] [stdout] 172 |                         getOpIn!(a2, h);
[INFO] [stdout]     |                         ---------------- in this macro invocation
[INFO] [stdout]     |
[INFO] [stdout]     = note: this error originates in a macro (in Nightly builds, run with -Z macro-backtrace for more info)
[INFO] [stdout] 
[INFO] [stdout] 
[INFO] [stdout] error[E0433]: failed to resolve: use of undeclared type or module `OpIn`
[INFO] [stdout]    --> src/clcontext.rs:80:33
[INFO] [stdout]     |
[INFO] [stdout] 80  |             h: if let Some(o) = OpIn::vv2opin(v.at(0).unwrap_or(VVal::Nul)) {
[INFO] [stdout]     |                                 ^^^^ use of undeclared type or module `OpIn`
[INFO] [stdout] ...
[INFO] [stdout] 173 |                         getColorIn!(a3, clr);
[INFO] [stdout]     |                         --------------------- in this macro invocation
[INFO] [stdout]     |
[INFO] [stdout]     = note: this error originates in a macro (in Nightly builds, run with -Z macro-backtrace for more info)
[INFO] [stdout] 
[INFO] [stdout] 
[INFO] [stdout] error[E0433]: failed to resolve: use of undeclared type or module `OpIn`
[INFO] [stdout]    --> src/clcontext.rs:87:33
[INFO] [stdout]     |
[INFO] [stdout] 87  |             s: if let Some(o) = OpIn::vv2opin(v.at(1).unwrap_or(VVal::Nul)) {
[INFO] [stdout]     |                                 ^^^^ use of undeclared type or module `OpIn`
[INFO] [stdout] ...
[INFO] [stdout] 173 |                         getColorIn!(a3, clr);
[INFO] [stdout]     |                         --------------------- in this macro invocation
[INFO] [stdout]     |
[INFO] [stdout]     = note: this error originates in a macro (in Nightly builds, run with -Z macro-backtrace for more info)
[INFO] [stdout] 
[INFO] [stdout] 
[INFO] [stdout] error[E0433]: failed to resolve: use of undeclared type or module `OpIn`
[INFO] [stdout]    --> src/clcontext.rs:80:33
[INFO] [stdout]     |
[INFO] [stdout] 80  |             h: if let Some(o) = OpIn::vv2opin(v.at(0).unwrap_or(VVal::Nul)) {
[INFO] [stdout]     |                                 ^^^^ use of undeclared type or module `OpIn`
[INFO] [stdout] ...
[INFO] [stdout] 173 |                         getColorIn!(a3, clr);
[INFO] [stdout]     |                         --------------------- in this macro invocation
[INFO] [stdout]     |
[INFO] [stdout]     = note: this error originates in a macro (in Nightly builds, run with -Z macro-backtrace for more info)
[INFO] [stdout] 
[INFO] [stdout] 
[INFO] [stdout] error[E0433]: failed to resolve: use of undeclared type or module `OpIn`
[INFO] [stdout]    --> src/clcontext.rs:94:33
[INFO] [stdout]     |
[INFO] [stdout] 94  |             v: if let Some(o) = OpIn::vv2opin(v.at(2).unwrap_or(VVal::Nul)) {
[INFO] [stdout]     |                                 ^^^^ use of undeclared type or module `OpIn`
[INFO] [stdout] ...
[INFO] [stdout] 173 |                         getColorIn!(a3, clr);
[INFO] [stdout]     |                         --------------------- in this macro invocation
[INFO] [stdout]     |
[INFO] [stdout]     = note: this error originates in a macro (in Nightly builds, run with -Z macro-backtrace for more info)
[INFO] [stdout] 
[INFO] [stdout] 
[INFO] [stdout] error[E0433]: failed to resolve: use of undeclared type or module `OpIn`
[INFO] [stdout]    --> src/clcontext.rs:101:33
[INFO] [stdout]     |
[INFO] [stdout] 101 |             a: if let Some(o) = OpIn::vv2opin(v.at(3).unwrap_or(VVal::Nul)) {
[INFO] [stdout]     |                                 ^^^^ use of undeclared type or module `OpIn`
[INFO] [stdout] ...
[INFO] [stdout] 173 |                         getColorIn!(a3, clr);
[INFO] [stdout]     |                         --------------------- in this macro invocation
[INFO] [stdout]     |
[INFO] [stdout]     = note: this error originates in a macro (in Nightly builds, run with -Z macro-backtrace for more info)
[INFO] [stdout] 
[INFO] [stdout] 
[INFO] [stdout] error[E0433]: failed to resolve: use of undeclared type or module `OpIn`
[INFO] [stdout]    --> src/clcontext.rs:87:33
[INFO] [stdout]     |
[INFO] [stdout] 87  |             s: if let Some(o) = OpIn::vv2opin(v.at(1).unwrap_or(VVal::Nul)) {
[INFO] [stdout]     |                                 ^^^^ use of undeclared type or module `OpIn`
[INFO] [stdout] ...
[INFO] [stdout] 173 |                         getColorIn!(a3, clr);
[INFO] [stdout]     |                         --------------------- in this macro invocation
[INFO] [stdout]     |
[INFO] [stdout]     = note: this error originates in a macro (in Nightly builds, run with -Z macro-backtrace for more info)
[INFO] [stdout] 
[INFO] [stdout] 
[INFO] [stdout] error[E0433]: failed to resolve: use of undeclared type or module `OpIn`
[INFO] [stdout]    --> src/clcontext.rs:94:33
[INFO] [stdout]     |
[INFO] [stdout] 94  |             v: if let Some(o) = OpIn::vv2opin(v.at(2).unwrap_or(VVal::Nul)) {
[INFO] [stdout]     |                                 ^^^^ use of undeclared type or module `OpIn`
[INFO] [stdout] ...
[INFO] [stdout] 173 |                         getColorIn!(a3, clr);
[INFO] [stdout]     |                         --------------------- in this macro invocation
[INFO] [stdout]     |
[INFO] [stdout]     = note: this error originates in a macro (in Nightly builds, run with -Z macro-backtrace for more info)
[INFO] [stdout] 
[INFO] [stdout] 
[INFO] [stdout] error[E0433]: failed to resolve: use of undeclared type or module `OpIn`
[INFO] [stdout]    --> src/clcontext.rs:63:35
[INFO] [stdout]     |
[INFO] [stdout] 63  |         let $o = if let Some(o) = OpIn::vv2opin($arg.clone()) {
[INFO] [stdout]     |                                   ^^^^ use of undeclared type or module `OpIn`
[INFO] [stdout] ...
[INFO] [stdout] 179 |                         getOpIn!(a1, w);
[INFO] [stdout]     |                         ---------------- in this macro invocation
[INFO] [stdout]     |
[INFO] [stdout]     = note: this error originates in a macro (in Nightly builds, run with -Z macro-backtrace for more info)
[INFO] [stdout] 
[INFO] [stdout] 
[INFO] [stdout] error[E0433]: failed to resolve: use of undeclared type or module `OpIn`
[INFO] [stdout]    --> src/clcontext.rs:101:33
[INFO] [stdout]     |
[INFO] [stdout] 101 |             a: if let Some(o) = OpIn::vv2opin(v.at(3).unwrap_or(VVal::Nul)) {
[INFO] [stdout]     |                                 ^^^^ use of undeclared type or module `OpIn`
[INFO] [stdout] ...
[INFO] [stdout] 173 |                         getColorIn!(a3, clr);
[INFO] [stdout]     |                         --------------------- in this macro invocation
[INFO] [stdout]     |
[INFO] [stdout]     = note: this error originates in a macro (in Nightly builds, run with -Z macro-backtrace for more info)
[INFO] [stdout] 
[INFO] [stdout] 
[INFO] [stdout] error[E0433]: failed to resolve: use of undeclared type or module `OpIn`
[INFO] [stdout]    --> src/clcontext.rs:63:35
[INFO] [stdout]     |
[INFO] [stdout] 63  |         let $o = if let Some(o) = OpIn::vv2opin($arg.clone()) {
[INFO] [stdout]     |                                   ^^^^ use of undeclared type or module `OpIn`
[INFO] [stdout] ...
[INFO] [stdout] 180 |                         getOpIn!(a2, h);
[INFO] [stdout]     |                         ---------------- in this macro invocation
[INFO] [stdout]     |
[INFO] [stdout]     = note: this error originates in a macro (in Nightly builds, run with -Z macro-backtrace for more info)
[INFO] [stdout] 
[INFO] [stdout] 
[INFO] [stdout] error[E0433]: failed to resolve: use of undeclared type or module `OpIn`
[INFO] [stdout]    --> src/clcontext.rs:63:35
[INFO] [stdout]     |
[INFO] [stdout] 63  |         let $o = if let Some(o) = OpIn::vv2opin($arg.clone()) {
[INFO] [stdout]     |                                   ^^^^ use of undeclared type or module `OpIn`
[INFO] [stdout] ...
[INFO] [stdout] 181 |                         getOpIn!(a3, t);
[INFO] [stdout]     |                         ---------------- in this macro invocation
[INFO] [stdout]     |
[INFO] [stdout]     = note: this error originates in a macro (in Nightly builds, run with -Z macro-backtrace for more info)
[INFO] [stdout] 
[INFO] [stdout] 
[INFO] [stdout] error[E0433]: failed to resolve: use of undeclared type or module `OpIn`
[INFO] [stdout]    --> src/clcontext.rs:63:35
[INFO] [stdout]     |
[INFO] [stdout] 63  |         let $o = if let Some(o) = OpIn::vv2opin($arg.clone()) {
[INFO] [stdout]     |                                   ^^^^ use of undeclared type or module `OpIn`
[INFO] [stdout] ...
[INFO] [stdout] 179 |                         getOpIn!(a1, w);
[INFO] [stdout]     |                         ---------------- in this macro invocation
[INFO] [stdout]     |
[INFO] [stdout]     = note: this error originates in a macro (in Nightly builds, run with -Z macro-backtrace for more info)
[INFO] [stdout] 
[INFO] [stdout] 
[INFO] [stdout] error[E0433]: failed to resolve: use of undeclared type or module `OpIn`
[INFO] [stdout]    --> src/clcontext.rs:63:35
[INFO] [stdout]     |
[INFO] [stdout] 63  |         let $o = if let Some(o) = OpIn::vv2opin($arg.clone()) {
[INFO] [stdout]     |                                   ^^^^ use of undeclared type or module `OpIn`
[INFO] [stdout] ...
[INFO] [stdout] 180 |                         getOpIn!(a2, h);
[INFO] [stdout]     |                         ---------------- in this macro invocation
[INFO] [stdout]     |
[INFO] [stdout]     = note: this error originates in a macro (in Nightly builds, run with -Z macro-backtrace for more info)
[INFO] [stdout] 
[INFO] [stdout] 
[INFO] [stdout] error[E0433]: failed to resolve: use of undeclared type or module `OpIn`
[INFO] [stdout]    --> src/clcontext.rs:80:33
[INFO] [stdout]     |
[INFO] [stdout] 80  |             h: if let Some(o) = OpIn::vv2opin(v.at(0).unwrap_or(VVal::Nul)) {
[INFO] [stdout]     |                                 ^^^^ use of undeclared type or module `OpIn`
[INFO] [stdout] ...
[INFO] [stdout] 182 |                         getColorIn!(a4, clr);
[INFO] [stdout]     |                         --------------------- in this macro invocation
[INFO] [stdout]     |
[INFO] [stdout]     = note: this error originates in a macro (in Nightly builds, run with -Z macro-backtrace for more info)
[INFO] [stdout] 
[INFO] [stdout] 
[INFO] [stdout] error[E0433]: failed to resolve: use of undeclared type or module `OpIn`
[INFO] [stdout]    --> src/clcontext.rs:63:35
[INFO] [stdout]     |
[INFO] [stdout] 63  |         let $o = if let Some(o) = OpIn::vv2opin($arg.clone()) {
[INFO] [stdout]     |                                   ^^^^ use of undeclared type or module `OpIn`
[INFO] [stdout] ...
[INFO] [stdout] 181 |                         getOpIn!(a3, t);
[INFO] [stdout]     |                         ---------------- in this macro invocation
[INFO] [stdout]     |
[INFO] [stdout]     = note: this error originates in a macro (in Nightly builds, run with -Z macro-backtrace for more info)
[INFO] [stdout] 
[INFO] [stdout] 
[INFO] [stdout] error[E0433]: failed to resolve: use of undeclared type or module `OpIn`
[INFO] [stdout]    --> src/clcontext.rs:87:33
[INFO] [stdout]     |
[INFO] [stdout] 87  |             s: if let Some(o) = OpIn::vv2opin(v.at(1).unwrap_or(VVal::Nul)) {
[INFO] [stdout]     |                                 ^^^^ use of undeclared type or module `OpIn`
[INFO] [stdout] ...
[INFO] [stdout] 182 |                         getColorIn!(a4, clr);
[INFO] [stdout]     |                         --------------------- in this macro invocation
[INFO] [stdout]     |
[INFO] [stdout]     = note: this error originates in a macro (in Nightly builds, run with -Z macro-backtrace for more info)
[INFO] [stdout] 
[INFO] [stdout] 
[INFO] [stdout] error[E0433]: failed to resolve: use of undeclared type or module `OpIn`
[INFO] [stdout]    --> src/clcontext.rs:80:33
[INFO] [stdout]     |
[INFO] [stdout] 80  |             h: if let Some(o) = OpIn::vv2opin(v.at(0).unwrap_or(VVal::Nul)) {
[INFO] [stdout]     |                                 ^^^^ use of undeclared type or module `OpIn`
[INFO] [stdout] ...
[INFO] [stdout] 182 |                         getColorIn!(a4, clr);
[INFO] [stdout]     |                         --------------------- in this macro invocation
[INFO] [stdout]     |
[INFO] [stdout]     = note: this error originates in a macro (in Nightly builds, run with -Z macro-backtrace for more info)
[INFO] [stdout] 
[INFO] [stdout] 
[INFO] [stdout] error[E0433]: failed to resolve: use of undeclared type or module `OpIn`
[INFO] [stdout]    --> src/clcontext.rs:94:33
[INFO] [stdout]     |
[INFO] [stdout] 94  |             v: if let Some(o) = OpIn::vv2opin(v.at(2).unwrap_or(VVal::Nul)) {
[INFO] [stdout]     |                                 ^^^^ use of undeclared type or module `OpIn`
[INFO] [stdout] ...
[INFO] [stdout] 182 |                         getColorIn!(a4, clr);
[INFO] [stdout]     |                         --------------------- in this macro invocation
[INFO] [stdout]     |
[INFO] [stdout]     = note: this error originates in a macro (in Nightly builds, run with -Z macro-backtrace for more info)
[INFO] [stdout] 
[INFO] [stdout] 
[INFO] [stdout] error[E0433]: failed to resolve: use of undeclared type or module `OpIn`
[INFO] [stdout]    --> src/clcontext.rs:87:33
[INFO] [stdout]     |
[INFO] [stdout] 87  |             s: if let Some(o) = OpIn::vv2opin(v.at(1).unwrap_or(VVal::Nul)) {
[INFO] [stdout]     |                                 ^^^^ use of undeclared type or module `OpIn`
[INFO] [stdout] ...
[INFO] [stdout] 182 |                         getColorIn!(a4, clr);
[INFO] [stdout]     |                         --------------------- in this macro invocation
[INFO] [stdout]     |
[INFO] [stdout]     = note: this error originates in a macro (in Nightly builds, run with -Z macro-backtrace for more info)
[INFO] [stdout] 
[INFO] [stdout] 
[INFO] [stdout] error[E0433]: failed to resolve: use of undeclared type or module `OpIn`
[INFO] [stdout]    --> src/clcontext.rs:101:33
[INFO] [stdout]     |
[INFO] [stdout] 101 |             a: if let Some(o) = OpIn::vv2opin(v.at(3).unwrap_or(VVal::Nul)) {
[INFO] [stdout]     |                                 ^^^^ use of undeclared type or module `OpIn`
[INFO] [stdout] ...
[INFO] [stdout] 182 |                         getColorIn!(a4, clr);
[INFO] [stdout]     |                         --------------------- in this macro invocation
[INFO] [stdout]     |
[INFO] [stdout]     = note: this error originates in a macro (in Nightly builds, run with -Z macro-backtrace for more info)
[INFO] [stdout] 
[INFO] [stdout] 
[INFO] [stdout] error[E0433]: failed to resolve: use of undeclared type or module `OpIn`
[INFO] [stdout]    --> src/clcontext.rs:94:33
[INFO] [stdout]     |
[INFO] [stdout] 94  |             v: if let Some(o) = OpIn::vv2opin(v.at(2).unwrap_or(VVal::Nul)) {
[INFO] [stdout]     |                                 ^^^^ use of undeclared type or module `OpIn`
[INFO] [stdout] ...
[INFO] [stdout] 182 |                         getColorIn!(a4, clr);
[INFO] [stdout]     |                         --------------------- in this macro invocation
[INFO] [stdout]     |
[INFO] [stdout]     = note: this error originates in a macro (in Nightly builds, run with -Z macro-backtrace for more info)
[INFO] [stdout] 
[INFO] [stdout] 
[INFO] [stdout] error[E0433]: failed to resolve: use of undeclared type or module `OpIn`
[INFO] [stdout]    --> src/clcontext.rs:63:35
[INFO] [stdout]     |
[INFO] [stdout] 63  |         let $o = if let Some(o) = OpIn::vv2opin($arg.clone()) {
[INFO] [stdout]     |                                   ^^^^ use of undeclared type or module `OpIn`
[INFO] [stdout] ...
[INFO] [stdout] 188 |                         getOpIn!(a1, n);
[INFO] [stdout]     |                         ---------------- in this macro invocation
[INFO] [stdout]     |
[INFO] [stdout]     = note: this error originates in a macro (in Nightly builds, run with -Z macro-backtrace for more info)
[INFO] [stdout] 
[INFO] [stdout] 
[INFO] [stdout] error[E0433]: failed to resolve: use of undeclared type or module `OpIn`
[INFO] [stdout]    --> src/clcontext.rs:101:33
[INFO] [stdout]     |
[INFO] [stdout] 101 |             a: if let Some(o) = OpIn::vv2opin(v.at(3).unwrap_or(VVal::Nul)) {
[INFO] [stdout]     |                                 ^^^^ use of undeclared type or module `OpIn`
[INFO] [stdout] ...
[INFO] [stdout] 182 |                         getColorIn!(a4, clr);
[INFO] [stdout]     |                         --------------------- in this macro invocation
[INFO] [stdout]     |
[INFO] [stdout]     = note: this error originates in a macro (in Nightly builds, run with -Z macro-backtrace for more info)
[INFO] [stdout] 
[INFO] [stdout] 
[INFO] [stdout] error[E0433]: failed to resolve: use of undeclared type or module `OpIn`
[INFO] [stdout]    --> src/clcontext.rs:63:35
[INFO] [stdout]     |
[INFO] [stdout] 63  |         let $o = if let Some(o) = OpIn::vv2opin($arg.clone()) {
[INFO] [stdout]     |                                   ^^^^ use of undeclared type or module `OpIn`
[INFO] [stdout] ...
[INFO] [stdout] 189 |                         getOpIn!(a2, t);
[INFO] [stdout]     |                         ---------------- in this macro invocation
[INFO] [stdout]     |
[INFO] [stdout]     = note: this error originates in a macro (in Nightly builds, run with -Z macro-backtrace for more info)
[INFO] [stdout] 
[INFO] [stdout] 
[INFO] [stdout] error[E0433]: failed to resolve: use of undeclared type or module `OpIn`
[INFO] [stdout]    --> src/clcontext.rs:63:35
[INFO] [stdout]     |
[INFO] [stdout] 63  |         let $o = if let Some(o) = OpIn::vv2opin($arg.clone()) {
[INFO] [stdout]     |                                   ^^^^ use of undeclared type or module `OpIn`
[INFO] [stdout] ...
[INFO] [stdout] 188 |                         getOpIn!(a1, n);
[INFO] [stdout]     |                         ---------------- in this macro invocation
[INFO] [stdout]     |
[INFO] [stdout]     = note: this error originates in a macro (in Nightly builds, run with -Z macro-backtrace for more info)
[INFO] [stdout] 
[INFO] [stdout] 
[INFO] [stdout] error[E0433]: failed to resolve: use of undeclared type or module `OpIn`
[INFO] [stdout]    --> src/clcontext.rs:63:35
[INFO] [stdout]     |
[INFO] [stdout] 63  |         let $o = if let Some(o) = OpIn::vv2opin($arg.clone()) {
[INFO] [stdout]     |                                   ^^^^ use of undeclared type or module `OpIn`
[INFO] [stdout] ...
[INFO] [stdout] 189 |                         getOpIn!(a2, t);
[INFO] [stdout]     |                         ---------------- in this macro invocation
[INFO] [stdout]     |
[INFO] [stdout]     = note: this error originates in a macro (in Nightly builds, run with -Z macro-backtrace for more info)
[INFO] [stdout] 
[INFO] [stdout] 
[INFO] [stdout] error[E0433]: failed to resolve: use of undeclared type or module `OpIn`
[INFO] [stdout]    --> src/clcontext.rs:80:33
[INFO] [stdout]     |
[INFO] [stdout] 80  |             h: if let Some(o) = OpIn::vv2opin(v.at(0).unwrap_or(VVal::Nul)) {
[INFO] [stdout]     |                                 ^^^^ use of undeclared type or module `OpIn`
[INFO] [stdout] ...
[INFO] [stdout] 190 |                         getColorIn!(a3, clr);
[INFO] [stdout]     |                         --------------------- in this macro invocation
[INFO] [stdout]     |
[INFO] [stdout]     = note: this error originates in a macro (in Nightly builds, run with -Z macro-backtrace for more info)
[INFO] [stdout] 
[INFO] [stdout] 
[INFO] [stdout] error[E0433]: failed to resolve: use of undeclared type or module `OpIn`
[INFO] [stdout]    --> src/clcontext.rs:80:33
[INFO] [stdout]     |
[INFO] [stdout] 80  |             h: if let Some(o) = OpIn::vv2opin(v.at(0).unwrap_or(VVal::Nul)) {
[INFO] [stdout]     |                                 ^^^^ use of undeclared type or module `OpIn`
[INFO] [stdout] ...
[INFO] [stdout] 190 |                         getColorIn!(a3, clr);
[INFO] [stdout]     |                         --------------------- in this macro invocation
[INFO] [stdout]     |
[INFO] [stdout]     = note: this error originates in a macro (in Nightly builds, run with -Z macro-backtrace for more info)
[INFO] [stdout] 
[INFO] [stdout] 
[INFO] [stdout] error[E0433]: failed to resolve: use of undeclared type or module `OpIn`
[INFO] [stdout]    --> src/clcontext.rs:87:33
[INFO] [stdout]     |
[INFO] [stdout] 87  |             s: if let Some(o) = OpIn::vv2opin(v.at(1).unwrap_or(VVal::Nul)) {
[INFO] [stdout]     |                                 ^^^^ use of undeclared type or module `OpIn`
[INFO] [stdout] ...
[INFO] [stdout] 190 |                         getColorIn!(a3, clr);
[INFO] [stdout]     |                         --------------------- in this macro invocation
[INFO] [stdout]     |
[INFO] [stdout]     = note: this error originates in a macro (in Nightly builds, run with -Z macro-backtrace for more info)
[INFO] [stdout] 
[INFO] [stdout] 
[INFO] [stdout] error[E0433]: failed to resolve: use of undeclared type or module `OpIn`
[INFO] [stdout]    --> src/clcontext.rs:94:33
[INFO] [stdout]     |
[INFO] [stdout] 94  |             v: if let Some(o) = OpIn::vv2opin(v.at(2).unwrap_or(VVal::Nul)) {
[INFO] [stdout]     |                                 ^^^^ use of undeclared type or module `OpIn`
[INFO] [stdout] ...
[INFO] [stdout] 190 |                         getColorIn!(a3, clr);
[INFO] [stdout]     |                         --------------------- in this macro invocation
[INFO] [stdout]     |
[INFO] [stdout]     = note: this error originates in a macro (in Nightly builds, run with -Z macro-backtrace for more info)
[INFO] [stdout] 
[INFO] [stdout] 
[INFO] [stdout] error[E0433]: failed to resolve: use of undeclared type or module `OpIn`
[INFO] [stdout]    --> src/clcontext.rs:87:33
[INFO] [stdout]     |
[INFO] [stdout] 87  |             s: if let Some(o) = OpIn::vv2opin(v.at(1).unwrap_or(VVal::Nul)) {
[INFO] [stdout]     |                                 ^^^^ use of undeclared type or module `OpIn`
[INFO] [stdout] ...
[INFO] [stdout] 190 |                         getColorIn!(a3, clr);
[INFO] [stdout]     |                         --------------------- in this macro invocation
[INFO] [stdout]     |
[INFO] [stdout]     = note: this error originates in a macro (in Nightly builds, run with -Z macro-backtrace for more info)
[INFO] [stdout] 
[INFO] [stdout] 
[INFO] [stdout] error[E0433]: failed to resolve: use of undeclared type or module `OpIn`
[INFO] [stdout]    --> src/clcontext.rs:101:33
[INFO] [stdout]     |
[INFO] [stdout] 101 |             a: if let Some(o) = OpIn::vv2opin(v.at(3).unwrap_or(VVal::Nul)) {
[INFO] [stdout]     |                                 ^^^^ use of undeclared type or module `OpIn`
[INFO] [stdout] ...
[INFO] [stdout] 190 |                         getColorIn!(a3, clr);
[INFO] [stdout]     |                         --------------------- in this macro invocation
[INFO] [stdout]     |
[INFO] [stdout]     = note: this error originates in a macro (in Nightly builds, run with -Z macro-backtrace for more info)
[INFO] [stdout] 
[INFO] [stdout] 
[INFO] [stdout] error[E0433]: failed to resolve: use of undeclared type or module `OpIn`
[INFO] [stdout]    --> src/clcontext.rs:94:33
[INFO] [stdout]     |
[INFO] [stdout] 94  |             v: if let Some(o) = OpIn::vv2opin(v.at(2).unwrap_or(VVal::Nul)) {
[INFO] [stdout]     |                                 ^^^^ use of undeclared type or module `OpIn`
[INFO] [stdout] ...
[INFO] [stdout] 190 |                         getColorIn!(a3, clr);
[INFO] [stdout]     |                         --------------------- in this macro invocation
[INFO] [stdout]     |
[INFO] [stdout]     = note: this error originates in a macro (in Nightly builds, run with -Z macro-backtrace for more info)
[INFO] [stdout] 
[INFO] [stdout] 
[INFO] [stdout] error[E0433]: failed to resolve: use of undeclared type or module `OpIn`
[INFO] [stdout]    --> src/clcontext.rs:63:35
[INFO] [stdout]     |
[INFO] [stdout] 63  |         let $o = if let Some(o) = OpIn::vv2opin($arg.clone()) {
[INFO] [stdout]     |                                   ^^^^ use of undeclared type or module `OpIn`
[INFO] [stdout] ...
[INFO] [stdout] 209 |                 getOpIn!(a, op_in);
[INFO] [stdout]     |                 ------------------- in this macro invocation
[INFO] [stdout]     |
[INFO] [stdout]     = note: this error originates in a macro (in Nightly builds, run with -Z macro-backtrace for more info)
[INFO] [stdout] 
[INFO] [stdout] 
[INFO] [stdout] error[E0433]: failed to resolve: use of undeclared type or module `OpIn`
[INFO] [stdout]    --> src/clcontext.rs:63:35
[INFO] [stdout]     |
[INFO] [stdout] 63  |         let $o = if let Some(o) = OpIn::vv2opin($arg.clone()) {
[INFO] [stdout]     |                                   ^^^^ use of undeclared type or module `OpIn`
[INFO] [stdout] ...
[INFO] [stdout] 229 |                 getOpIn!(a, op_in);
[INFO] [stdout]     |                 ------------------- in this macro invocation
[INFO] [stdout]     |
[INFO] [stdout]     = note: this error originates in a macro (in Nightly builds, run with -Z macro-backtrace for more info)
[INFO] [stdout] 
[INFO] [stdout] 
[INFO] [stdout] error[E0433]: failed to resolve: use of undeclared type or module `OpIn`
[INFO] [stdout]    --> src/clcontext.rs:101:33
[INFO] [stdout]     |
[INFO] [stdout] 101 |             a: if let Some(o) = OpIn::vv2opin(v.at(3).unwrap_or(VVal::Nul)) {
[INFO] [stdout]     |                                 ^^^^ use of undeclared type or module `OpIn`
[INFO] [stdout] ...
[INFO] [stdout] 190 |                         getColorIn!(a3, clr);
[INFO] [stdout]     |                         --------------------- in this macro invocation
[INFO] [stdout]     |
[INFO] [stdout]     = note: this error originates in a macro (in Nightly builds, run with -Z macro-backtrace for more info)
[INFO] [stdout] 
[INFO] [stdout] 
[INFO] [stdout] error[E0412]: cannot find type `Simulator` in this scope
[INFO] [stdout]   --> src/clcontext.rs:16:22
[INFO] [stdout]    |
[INFO] [stdout] 16 |     sim:             Simulator,
[INFO] [stdout]    |                      ^^^^^^^^^ not found in this scope
[INFO] [stdout] 
[INFO] [stdout] 
[INFO] [stdout] error[E0412]: cannot find type `DebugRegisters` in this scope
[INFO] [stdout]   --> src/clcontext.rs:17:22
[INFO] [stdout]    |
[INFO] [stdout] 17 |     dbg:             DebugRegisters,
[INFO] [stdout]    |                      ^^^^^^^^^^^^^^ not found in this scope
[INFO] [stdout] 
[INFO] [stdout] 
[INFO] [stdout] error[E0422]: cannot find struct, variant or union type `Simulator` in this scope
[INFO] [stdout]   --> src/clcontext.rs:26:18
[INFO] [stdout]    |
[INFO] [stdout] 26 |             sim: Simulator {
[INFO] [stdout]    |                  ^^^^^^^^^ not found in this scope
[INFO] [stdout] 
[INFO] [stdout] 
[INFO] [stdout] error[E0422]: cannot find struct, variant or union type `ColorIn` in this scope
[INFO] [stdout]    --> src/clcontext.rs:79:18
[INFO] [stdout]     |
[INFO] [stdout] 79  |         let $o = ColorIn {
[INFO] [stdout]     |                  ^^^^^^^ not found in this scope
[INFO] [stdout] ...
[INFO] [stdout] 173 |                         getColorIn!(a3, clr);
[INFO] [stdout]     |                         --------------------- in this macro invocation
[INFO] [stdout]     |
[INFO] [stdout]     = note: this error originates in a macro (in Nightly builds, run with -Z macro-backtrace for more info)
[INFO] [stdout] 
[INFO] [stdout] 
[INFO] [stdout] error[E0422]: cannot find struct, variant or union type `ColorIn` in this scope
[INFO] [stdout]    --> src/clcontext.rs:79:18
[INFO] [stdout]     |
[INFO] [stdout] 79  |         let $o = ColorIn {
[INFO] [stdout]     |                  ^^^^^^^ not found in this scope
[INFO] [stdout] ...
[INFO] [stdout] 182 |                         getColorIn!(a4, clr);
[INFO] [stdout]     |                         --------------------- in this macro invocation
[INFO] [stdout]     |
[INFO] [stdout]     = note: this error originates in a macro (in Nightly builds, run with -Z macro-backtrace for more info)
[INFO] [stdout] 
[INFO] [stdout] 
[INFO] [stdout] error[E0422]: cannot find struct, variant or union type `ColorIn` in this scope
[INFO] [stdout]    --> src/clcontext.rs:79:18
[INFO] [stdout]     |
[INFO] [stdout] 79  |         let $o = ColorIn {
[INFO] [stdout]     |                  ^^^^^^^ not found in this scope
[INFO] [stdout] ...
[INFO] [stdout] 190 |                         getColorIn!(a3, clr);
[INFO] [stdout]     |                         --------------------- in this macro invocation
[INFO] [stdout]     |
[INFO] [stdout]     = note: this error originates in a macro (in Nightly builds, run with -Z macro-backtrace for more info)
[INFO] [stdout] 
[INFO] [stdout] 
[INFO] [stdout] error[E0405]: cannot find trait `RegisterView` in this scope
[INFO] [stdout]    --> src/clcontext.rs:305:67
[INFO] [stdout]     |
[INFO] [stdout] 305 |     pub fn show_debug_registers<T>(&mut self, p: &mut T) where T: RegisterView {
[INFO] [stdout]     |                                                                   ^^^^^^^^^^^^ not found in this scope
[INFO] [stdout] 
[INFO] [stdout] 
[INFO] [stdout] error[E0405]: cannot find trait `RegisterView` in module `signals`
[INFO] [stdout]    --> src/main.rs:123:19
[INFO] [stdout]     |
[INFO] [stdout] 123 | impl<'a> signals::RegisterView for Painter<'a> {
[INFO] [stdout]     |                   ^^^^^^^^^^^^ not found in `signals`
[INFO] [stdout] 
[INFO] [stdout] 
[INFO] [stdout] warning: unused import: `crate::signals::*`
[INFO] [stdout]  --> src/clcontext.rs:1:5
[INFO] [stdout]   |
[INFO] [stdout] 1 | use crate::signals::*;
[INFO] [stdout]   |     ^^^^^^^^^^^^^^^^^
[INFO] [stdout]   |
[INFO] [stdout]   = note: `#[warn(unused_imports)]` on by default
[INFO] [stdout] 
[INFO] [stdout] 
[INFO] [stdout] error[E0433]: failed to resolve: use of undeclared type or module `OpIn`
[INFO] [stdout]    --> src/clcontext.rs:63:35
[INFO] [stdout]     |
[INFO] [stdout] 63  |         let $o = if let Some(o) = OpIn::vv2opin($arg.clone()) {
[INFO] [stdout]     |                                   ^^^^ use of undeclared type or module `OpIn`
[INFO] [stdout] ...
[INFO] [stdout] 209 |                 getOpIn!(a, op_in);
[INFO] [stdout]     |                 ------------------- in this macro invocation
[INFO] [stdout]     |
[INFO] [stdout]     = note: this error originates in a macro (in Nightly builds, run with -Z macro-backtrace for more info)
[INFO] [stdout] 
[INFO] [stdout] 
[INFO] [stdout] error[E0433]: failed to resolve: use of undeclared type or module `OpIn`
[INFO] [stdout]    --> src/clcontext.rs:63:35
[INFO] [stdout]     |
[INFO] [stdout] 63  |         let $o = if let Some(o) = OpIn::vv2opin($arg.clone()) {
[INFO] [stdout]     |                                   ^^^^ use of undeclared type or module `OpIn`
[INFO] [stdout] ...
[INFO] [stdout] 229 |                 getOpIn!(a, op_in);
[INFO] [stdout]     |                 ------------------- in this macro invocation
[INFO] [stdout]     |
[INFO] [stdout]     = note: this error originates in a macro (in Nightly builds, run with -Z macro-backtrace for more info)
[INFO] [stdout] 
[INFO] [stdout] 
[INFO] [stdout] error[E0412]: cannot find type `Simulator` in this scope
[INFO] [stdout]   --> src/clcontext.rs:16:22
[INFO] [stdout]    |
[INFO] [stdout] 16 |     sim:             Simulator,
[INFO] [stdout]    |                      ^^^^^^^^^ not found in this scope
[INFO] [stdout] 
[INFO] [stdout] 
[INFO] [stdout] error[E0412]: cannot find type `DebugRegisters` in this scope
[INFO] [stdout]   --> src/clcontext.rs:17:22
[INFO] [stdout]    |
[INFO] [stdout] 17 |     dbg:             DebugRegisters,
[INFO] [stdout]    |                      ^^^^^^^^^^^^^^ not found in this scope
[INFO] [stdout] 
[INFO] [stdout] 
[INFO] [stdout] error[E0422]: cannot find struct, variant or union type `Simulator` in this scope
[INFO] [stdout]   --> src/clcontext.rs:26:18
[INFO] [stdout]    |
[INFO] [stdout] 26 |             sim: Simulator {
[INFO] [stdout]    |                  ^^^^^^^^^ not found in this scope
[INFO] [stdout] 
[INFO] [stdout] 
[INFO] [stdout] error[E0422]: cannot find struct, variant or union type `ColorIn` in this scope
[INFO] [stdout]    --> src/clcontext.rs:79:18
[INFO] [stdout]     |
[INFO] [stdout] 79  |         let $o = ColorIn {
[INFO] [stdout]     |                  ^^^^^^^ not found in this scope
[INFO] [stdout] ...
[INFO] [stdout] 173 |                         getColorIn!(a3, clr);
[INFO] [stdout]     |                         --------------------- in this macro invocation
[INFO] [stdout]     |
[INFO] [stdout]     = note: this error originates in a macro (in Nightly builds, run with -Z macro-backtrace for more info)
[INFO] [stdout] 
[INFO] [stdout] 
[INFO] [stdout] error[E0422]: cannot find struct, variant or union type `ColorIn` in this scope
[INFO] [stdout]    --> src/clcontext.rs:79:18
[INFO] [stdout]     |
[INFO] [stdout] 79  |         let $o = ColorIn {
[INFO] [stdout]     |                  ^^^^^^^ not found in this scope
[INFO] [stdout] ...
[INFO] [stdout] 182 |                         getColorIn!(a4, clr);
[INFO] [stdout]     |                         --------------------- in this macro invocation
[INFO] [stdout]     |
[INFO] [stdout]     = note: this error originates in a macro (in Nightly builds, run with -Z macro-backtrace for more info)
[INFO] [stdout] 
[INFO] [stdout] 
[INFO] [stdout] error[E0422]: cannot find struct, variant or union type `ColorIn` in this scope
[INFO] [stdout]    --> src/clcontext.rs:79:18
[INFO] [stdout]     |
[INFO] [stdout] 79  |         let $o = ColorIn {
[INFO] [stdout]     |                  ^^^^^^^ not found in this scope
[INFO] [stdout] ...
[INFO] [stdout] 190 |                         getColorIn!(a3, clr);
[INFO] [stdout]     |                         --------------------- in this macro invocation
[INFO] [stdout]     |
[INFO] [stdout]     = note: this error originates in a macro (in Nightly builds, run with -Z macro-backtrace for more info)
[INFO] [stdout] 
[INFO] [stdout] 
[INFO] [stdout] error[E0405]: cannot find trait `RegisterView` in this scope
[INFO] [stdout]    --> src/clcontext.rs:305:67
[INFO] [stdout]     |
[INFO] [stdout] 305 |     pub fn show_debug_registers<T>(&mut self, p: &mut T) where T: RegisterView {
[INFO] [stdout]     |                                                                   ^^^^^^^^^^^^ not found in this scope
[INFO] [stdout] 
[INFO] [stdout] 
[INFO] [stdout] error[E0405]: cannot find trait `RegisterView` in module `signals`
[INFO] [stdout]    --> src/main.rs:123:19
[INFO] [stdout]     |
[INFO] [stdout] 123 | impl<'a> signals::RegisterView for Painter<'a> {
[INFO] [stdout]     |                   ^^^^^^^^^^^^ not found in `signals`
[INFO] [stdout] 
[INFO] [stdout] 
[INFO] [stdout] error: aborting due to 36 previous errors; 1 warning emitted
[INFO] [stdout] 
[INFO] [stdout] 
[INFO] [stdout] Some errors have detailed explanations: E0405, E0412, E0422, E0432, E0433, E0583.
[INFO] [stdout] 
[INFO] [stdout] For more information about an error, try `rustc --explain E0405`.
[INFO] [stdout] 
[INFO] [stdout] warning: unused import: `crate::signals::*`
[INFO] [stdout]  --> src/clcontext.rs:1:5
[INFO] [stdout]   |
[INFO] [stdout] 1 | use crate::signals::*;
[INFO] [stdout]   |     ^^^^^^^^^^^^^^^^^
[INFO] [stdout]   |
[INFO] [stdout]   = note: `#[warn(unused_imports)]` on by default
[INFO] [stdout] 
[INFO] [stdout] 
[INFO] [stderr] error: could not compile `wcdemengine`.
[INFO] [stderr] 
[INFO] [stderr] To learn more, run the command again with --verbose.
[INFO] [stderr] warning: build failed, waiting for other jobs to finish...
[INFO] [stdout] error: aborting due to 36 previous errors; 1 warning emitted
[INFO] [stdout] 
[INFO] [stdout] 
[INFO] [stdout] Some errors have detailed explanations: E0405, E0412, E0422, E0432, E0433, E0583.
[INFO] [stdout] 
[INFO] [stdout] For more information about an error, try `rustc --explain E0405`.
[INFO] [stdout] 
[INFO] [stderr] error: build failed
[INFO] running `Command { std: "docker" "inspect" "e06338c345678ad602113e3f43da5ace84733f275dd41626089409b2dd689d83", kill_on_drop: false }`
[INFO] running `Command { std: "docker" "rm" "-f" "e06338c345678ad602113e3f43da5ace84733f275dd41626089409b2dd689d83", kill_on_drop: false }`
[INFO] [stdout] e06338c345678ad602113e3f43da5ace84733f275dd41626089409b2dd689d83
